*z(b). Is t(d) a composite number?
False
Is 39/(((-15)/67)/(-5)) composite?
True
Suppose 43*v - 404023 = -42006. Is v composite?
False
Let n(a) be the third derivative of -a**5/30 + a**4/6 + 907*a**3/6 + 25*a**2. Is n(0) composite?
False
Suppose -h - 5*u = -1779, 8*u - 4*u - 8790 = -5*h. Is h a composite number?
True
Let m = -33 - -37. Suppose 0*s + m*a + 1126 = 2*s, 4*s = -4*a + 2192. Is s prime?
False
Let s(h) = -47*h - 173. Is s(-56) a prime number?
True
Let z(o) = 3*o**2 - 3*o + 3. Let p be z(2). Suppose 24 = 5*a + p. Suppose a*h + 116 = 3*y + 4*h, -3*y = -5*h - 104. Is y composite?
True
Let x(i) = -244*i + 2. Let c(h) = 245*h - 2. Let q(f) = 3*c(f) + 2*x(f). Is q(3) a composite number?
False
Let y(r) = 243*r - 92. Is y(51) a composite number?
False
Let g be (156/8)/3 + (-2)/(-4). Suppose 3*o - 5540 = -g*o. Is o prime?
False
Suppose w = -4*s - 21, -2*s - 5*w = 18 - 3. Let c = 40 + s. Is c prime?
False
Let b(d) = 194*d**3 - 2*d**2 + d - 4. Let u be b(2). Suppose 0 = j + j - u. Is j prime?
False
Let g = 318984 - 219983. Is g prime?
False
Suppose 2*i - 3*g = 52723, -5*i + 5*g - 24106 = -155906. Is i composite?
False
Suppose 1 = l - 3, -4*l = -2*q + 2. Suppose -13*s + q*s = -332. Is s composite?
False
Let r = -1823 + 3524. Suppose 0 = 4*o - 3*p - 1691, -2*o - r = -6*o + 5*p. Is o prime?
True
Let t(v) = -66*v + 7. Suppose -4 = -3*y - 10. Let s be (-1 + 4)/(y - -1). Is t(s) composite?
True
Suppose -3*q - 144 = -12. Let h(p) = 30*p - 5. Let u be h(8). Let f = q + u. Is f prime?
True
Suppose 5*y = 4*g - 16317, 4058 = g - 0*g + 3*y. Is g a prime number?
True
Let f(u) = u**2 + 3*u - 7. Let c be f(-5). Let z(d) = -3*d**c + 7 + 3*d**3 - d**3 - 5*d + 8*d**2. Is z(7) a prime number?
False
Let p = 19700 + 44291. Is p a prime number?
False
Suppose -4*x + 1779 = -2*x + 5*p, -2*x + 5*p + 1729 = 0. Is x a prime number?
True
Suppose 0 = -28*u + 21*u + 36799. Is u composite?
True
Let l(j) = 195*j**2 + j - 3. Is l(-1) a composite number?
False
Suppose -4*n + 513 = 2*h - 729, -4*h + 2496 = -4*n. Is h prime?
False
Suppose -584137 - 359436 = -29*z. Is z a prime number?
True
Suppose 0 = -3*q - 2*n + 200, 3*n = -2*q - 2*q + 268. Suppose s - q - 33 = -4*a, -3*s - 3*a = -273. Is s composite?
False
Let u(q) = -q + 2. Let x be u(2). Suppose -3*m = 5*d + 7 + 1, -3*d - 2*m - 5 = x. Is (884/16)/(d/(-4)) a composite number?
True
Suppose -10*a = -6*a + 8, -4*h = -4*a - 14980. Is h a prime number?
False
Suppose -9*z = -10*z + 26. Let f = z + -25. Let d(t) = 8*t**2 - 4*t + 3. Is d(f) a composite number?
False
Suppose -3*l = -2*d - 13498, -8*l + 6*l + 5*d = -8984. Is l prime?
False
Let b = 24831 - 14932. Is b composite?
True
Let q = 19 + -23. Let m be 12 - -1 - (-1 - q). Is 178*2 - m/(-5) a prime number?
False
Suppose -2*m + 0*m + 8 = 0. Suppose 0*r + 2*r + b - 8 = 0, -2*r + 2*b = m. Suppose -h + r*a + 13 = -70, -5*a = -h + 77. Is h prime?
False
Let v = 21 + -21. Let j(p) = -2*p + 3. Let l be j(v). Suppose -2*c + 1195 = l*h, 2*h - 3*h = 3*c - 403. Is h a composite number?
False
Suppose -x - 359 = -2*f, -5*x - 2 - 23 = 0. Is f a prime number?
False
Suppose 4186 - 120470 = -4*o. Is o a prime number?
False
Suppose -6*y + 5*y = -17. Let h = y + -13. Suppose -h*n = 2*t - 660, -2*n + 5*n + 5*t - 509 = 0. Is n composite?
False
Let v = 28 - 26. Let a(l) = 20*l**2 - 2*l**3 - 6 - v - 14*l + l**3 + 9. Is a(12) prime?
False
Suppose 0 = 5*w - w + u - 36, w = 2*u. Let f(n) = -n**3 - n**2 + 5*n + 2. Let p be f(-3). Let v = w + p. Is v composite?
False
Let o(j) = -j - 4. Let h be o(-6). Let s be 2 + (9 + -5 - 2). Suppose -h*w + s*w - 254 = 0. Is w a composite number?
False
Let q = 4 - 5. Let l be (q/(3/6))/2. Is 13*(-3 - l - -3) composite?
False
Let b(y) = 3*y**3 + 3*y**2 - 2*y - 2. Let o(s) = 8*s**3 + 8*s**2 - 5*s - 5. Let h(j) = 11*b(j) - 4*o(j). Let v be h(3). Let k = v - -27. Is k composite?
True
Let r(w) = -5*w**2 + w - 1. Let c = 8 - 7. Let k be r(c). Is (-3 - -1) + 218 + k prime?
True
Let m(l) = 66584*l**2 - 64*l - 131. Is m(-2) a prime number?
True
Let z(y) = 400*y + 155. Is z(12) composite?
True
Suppose -3*x + 4 = x, -2*d - 17 = -5*x. Is (-8)/12 - 2296/d a composite number?
True
Let n(f) = -3390*f + 367. Is n(-15) prime?
True
Let q be 3/2 - (-1)/2. Let l be ((-2)/4)/(1/(-8)). Suppose l*k = 4*y + 24, q*y - 2 = -0. Is k a prime number?
True
Let b(v) = 0*v**2 + v**2 + 0*v**2 - 2*v**2. Let m(a) = 187*a**2 - a. Let t(f) = 5*b(f) + m(f). Is t(-1) composite?
True
Let b(h) = 11*h**2 + 2*h - 8. Let w(q) = 23*q**2 + 4*q - 17. Let s(d) = 5*b(d) - 2*w(d). Is s(-11) a composite number?
False
Let g(a) = -8*a + 3. Let o be g(-5). Let n be (-2)/(3*(-1)/(-18)). Let i = n + o. Is i a prime number?
True
Is 20*(-190648)/(-128) + 2/8 prime?
True
Let u be (33/44)/(1/4). Let q(h) = -77*h**2 + 2*h - 4. Let f be q(u). Let l = f + 1554. Is l composite?
False
Let w(o) = -2*o - 2. Let s be w(-2). Suppose 31 = 3*b - v, s*b - 16 = v + 5. Suppose 0 = b*y - 8*y - 290. Is y a composite number?
True
Suppose -z = -10 + 30. Let s = z + 211. Is s a prime number?
True
Let i be (23 + 0)*(1 + -26). Let h = 305 + i. Let x = 571 + h. Is x prime?
False
Let v(m) = 2*m**3 + 5*m**2 + 39*m - 11. Is v(7) a prime number?
True
Suppose -5*p = -4*l + 162, 6 - 3 = l. Let z = p + 67. Is z prime?
True
Suppose 2*n = -3*i - 928, 2*n - 3*i + 942 = i. Let b be (-5 + -2 + 2)*n. Is (1 + -2)/((-5)/b) a prime number?
True
Suppose -709*c = -694*c - 44985. Is c composite?
False
Let i(x) = 38*x**2 - 16*x + 59. Is i(15) prime?
True
Suppose 632 + 12260 = y + 3*p, 3*p - 38670 = -3*y. Is y composite?
False
Let c = -41850 + 62531. Is c composite?
False
Suppose 41956 - 14047 = 9*x. Is x composite?
True
Let q(s) = 10*s**2 - s - 2. Let h be q(-8). Let r = h + -127. Is r a prime number?
False
Let k(w) = -w**3 - 10*w**2 + w + 13. Let g be k(-10). Let u be g - (-2)/(2/(-3)). Suppose 3*n + u*n = 237. Is n composite?
False
Let v(l) = -2*l**3 - 3*l**2 - 23*l + 13. Is v(-19) prime?
False
Let a = -151 + 2562. Is a a composite number?
False
Suppose p - q + 5*q = -16, -2*p + q - 5 = 0. Let n be (24/30)/(p/(-10)). Suppose -2098 = -5*g - 4*w, -5*w - 9 = -n*w. Is g a composite number?
True
Let p(w) = -13837*w - 518. Is p(-3) composite?
False
Let t(q) = -7*q**3 - 4*q**2 + 7*q + 12. Let c be t(-8). Let w = c - 967. Is w prime?
False
Let u be (5/(-3))/(2/(-6)). Suppose -u*r = 2*w - 25, 0*r + 2*w = r + 7. Suppose -n = -6*n + 25, 0 = d - r*n - 20. Is d composite?
True
Suppose 27 = 5*l - 733. Let w = l + -84. Suppose -4*j = -2*j - w. Is j a composite number?
True
Let p = -510 + 2735. Suppose -5*h - 3*x + p = 0, 4*h + x - 1780 = -4*x. Is h a prime number?
False
Let j(q) = -12*q**3 - 34*q**2 + 11*q + 37. Is j(-16) composite?
True
Suppose -5*g - 4*o - 697 = -3858, -2531 = -4*g - o. Is ((2 - 4) + g)*1 a composite number?
False
Let j = -16 - -8. Let o = -4 - j. Is (371/2)/(o/8) a composite number?
True
Suppose 2*f - 5 = -1, -2 = r - 3*f. Suppose -r*n + 3722 = 3*u, -933 = 2*n - 3*n - 2*u. Is n prime?
True
Suppose 22*q - 173365 + 599 = 0. Is q a composite number?
False
Let c(p) = 8*p**3 - 2*p**2 + 4*p + 4. Let m be c(4). Suppose -3*h = h - m. Suppose -g + h = 5*k - 6*g, 4*k - 104 = 5*g. Is k prime?
False
Let a = 7 - 12. Let t be -20*((-24)/a)/(-3). Suppose 2*h - 42 - t = 0. Is h composite?
False
Is 20323*(-6 - (-13)/1) prime?
False
Suppose 13*c = 16*c. Suppose f - 2570 - 207 = c. Is f composite?
False
Let h = 55214 + -15741. Is h prime?
False
Let h(x) = x - 10. Let w be h(-15). Suppose -4*f + 5852 = -3556. Is (-5)/w - f/(-15) a composite number?
False
Let b(h) = 73*h**2 + 21*h + 297. Is b(-14) prime?
False
Let p = 2013 - 1136. Is p composite?
False
Let z = 3539 - -2958. Is z prime?
False
Is -5 - -6*3*(-3304)/(-21) composite?
True
Let a(g) = -g**2. Let o(j) = -j**3 + 3*j**2 - j + 271. Let r(c) = 3*a(c) + o(c). Let q be r(0). Suppose 4*d - q - 5301 = 0. Is d a prime number?
False
Suppose 4*q + 4 = 0, 4*q + 1 = -2*m - 3. Suppose m*r + 288 = 3*r. Suppose -r - 31 = -w. Is w a prime number?
True
Let k = -6 + 1. Let f = -2 - k. Suppose f*a + a = -3*o + 259, 4*o - 337 = 3*a. Is o a composite number?
True
Let y(b) = 13*b**2 + 9*b - 263. Is y(17) composite?
True
Suppose 0 = -q + c + 2922, 7*q = 2*q + 3*c + 14608. Is q a composite number?
True
Let l = 589 + -6. Is l composite?
True
Let t(